4)/63 - i/(-2448)). Let b = -61 + o. Is b prime?
True
Suppose -3*r - 2*r = 3*f + 15, -r + 5*f = 31. Let a be ((-2)/r)/(8/24). Is a*(3 + 2*92) a prime number?
False
Let a be 727 + (1 - (-1 + 0)). Suppose -a - 777 = 3*p. Let y = p + 875. Is y a prime number?
True
Let m(z) = -z**3 - 1. Let o(j) = 2869*j**3 - 3*j**2 - 8*j - 2. Let s(i) = -2*m(i) - o(i). Is s(-1) composite?
True
Suppose -14*t = -4*t - 943620. Suppose -37*d = -43*d + t. Is d a prime number?
True
Let o(l) = 5*l**2 - l - 2. Let h be o(-1). Suppose -h*n - 12024 = 8*n. Is 1 + 5/((-15)/n) composite?
True
Let d(l) = -23 + 61 - 27 + 6*l + 947*l**2. Is d(-2) composite?
True
Let i(b) = 441*b**2 - 19*b - 116. Is i(-6) composite?
True
Suppose 4*b = 2*z - 8 - 14, 4*z + 3*b = 33. Suppose -z*m = -71726 - 16627. Is m prime?
True
Let o(l) = -1394*l**3 + l**2 - 10*l - 28. Is o(-5) composite?
True
Suppose -m + v = -5*m + 3, -5*v - 35 = -5*m. Suppose -11*s = -m*s - 603. Is s a composite number?
False
Let n(h) be the first derivative of 94*h**3/3 + 3*h**2/2 + h - 2281. Let u = 6 - 8. Is n(u) composite?
True
Suppose -q + 2772 = 5*v, q - v - 8300 = -2*q. Is q*(-3)/9*-3 prime?
True
Let y = -5924 - -22106. Let u = -521 + y. Is u prime?
True
Let z be ((-10)/(-15))/(2/(-12)). Let c be 17/((-663)/(-6)) + (-112)/52. Is ((-5358)/(-15) - c)*(-10)/z prime?
False
Suppose -s = 5*v - 3*s - 771, 5*s - 165 = -v. Suppose 2*w - v = 381. Suppose 3*r - 3389 = w. Is r composite?
True
Suppose 5*d = -f + 4, -6*f + 3*f + d + 44 = 0. Suppose 1164 = f*k - 10*k. Is k a composite number?
True
Suppose -2*o = y - 3, 3*o = -0*o + 5*y + 24. Let i(j) = 242*j - 19. Is i(o) composite?
True
Suppose 169871 = x + t - 4*t, -2*x + 339726 = -2*t. Is x prime?
True
Is ((-754)/(-156))/(2/48612) composite?
True
Suppose -189*g + 194*g = 77065. Suppose -5*l = -27042 - g. Is l prime?
False
Let a(c) = -2*c + 59. Let n be a(-6). Suppose 19*z = 119 + n. Is (-295)/z*(-74 - 0) composite?
True
Let o = 61267 + -29162. Is o a prime number?
False
Let h = -12901 + 30642. Is h prime?
False
Let v be (-1)/2 + (-15)/6. Let d(b) = 9 + 3*b + 9 - 23 + 1 - 75*b**3 + 11 - 4*b**2. Is d(v) a composite number?
False
Let w(s) = 17*s**2 - 7*s - 16. Let c(l) = 9*l**2 - 3*l - 8. Let r(f) = -7*c(f) + 4*w(f). Is r(-3) composite?
True
Suppose 0 = -30*d - 4356504 + 18702174. Is d a prime number?
True
Suppose -40*p = -36*p - 12. Let a be 12 - ((-12)/(-1))/p. Suppose a*u - 1688 = -0*u. Is u a prime number?
True
Let s be (13/(-5))/(2 + (-22)/10). Suppose s*m - 317561 = -85888. Is m a prime number?
False
Suppose 2*w = -39*l + 40*l - 307639, -5*l + 1538235 = -2*w. Is l a composite number?
True
Let d(c) = -7*c**3 + 13*c**2 + 26*c + 29. Let z be d(-11). Suppose -z + 2120 = -f. Is f a composite number?
False
Suppose 2*z - o = 6300 - 730, 0 = -2*z + 4*o + 5564. Let w = z + -4935. Let i = -998 - w. Is i composite?
False
Let m = 545 + -545. Suppose m = 9*x - 119137 + 1084. Is x composite?
True
Suppose 4 = -13*z + 14*z. Let b be (8/12)/(z/(-6)). Let p(h) = -5754*h**3 + 3*h**2 + 4*h + 2. Is p(b) a prime number?
False
Suppose 2 = -m - 2, -3*t + 47925 = -3*m. Is t composite?
False
Suppose -7*c + 2 = -26. Let u(g) = 57*g - 5. Is u(c) a prime number?
True
Let v(z) = z + 26. Let w be v(-5). Suppose -4*m = -w - 99. Is ((-4398)/4)/((-45)/m) a composite number?
False
Let w(a) = -a**3 - 8*a**2 - 18*a - 11. Let b be w(-5). Let k = -43 - -53. Is 15/k*(2850 - b) a composite number?
True
Let k = 27046 - 13989. Is k a composite number?
True
Let o = -186595 + 281062. Is (-208)/(-364) - (o/7)/(-3) composite?
True
Let k = -251867 - -438336. Is k a prime number?
True
Let n(g) = 2*g**2 + 8*g + 7. Let m be n(-5). Suppose -m*h - 809 = -18*h. Is h a composite number?
False
Suppose -5*p - 5*y - 147 = 183, 4*y = 3*p + 212. Let c = p - -67. Is (c/(-2))/(6/(-125916)*-7) a composite number?
False
Let s(m) = 246*m + 501*m**3 - 484*m - 3 - 4*m**2 - 114*m**3 + 241*m. Is s(4) a composite number?
True
Suppose -9*j + 8*j = -2. Suppose -3*p - p - 904 = -j*t, 4*p - 3*t + 902 = 0. Let g = p - -390. Is g composite?
False
Let i(d) = d**3 + 88*d**2 + 127*d - 43. Is i(-58) composite?
True
Suppose -3 = -2*n + 51. Suppose n*r - 6690 = 17*r. Is r a composite number?
True
Suppose 0 = -2*a - 5*s - 2133, 5*s = 2*a + 2512 - 329. Let z = -312 - a. Let x = z - 132. Is x composite?
True
Let x(o) = -4*o + 2. Let y be x(-1). Suppose -y*a + 9 = -3. Is 0*1/2 - (-1071 + a) a composite number?
False
Let k = -26899 + 125105. Is k a composite number?
True
Suppose 647599 = 7*t - 687182 + 35630. Is t composite?
False
Suppose 60488 = 2*f - 4*m, -42058 = -4*f + 2*m + 78912. Is f prime?
False
Let a = -26 + 47. Suppose -a*n + 18227 = -10*n. Is n prime?
True
Suppose 0 = 97*l - 22*l + 56*l - 16488839. Is l prime?
False
Suppose -5*d + 5*t + 801235 = 0, -4*d + 84078 + 556924 = 3*t. Is d prime?
False
Let p(z) = -118*z**3 + z**2 - 11*z - 21. Is p(-5) prime?
False
Suppose 0 = z - 18 + 61. Let c = 80 + z. Suppose -32*q - 3745 = -c*q. Is q prime?
False
Is 11 + -18 + 326661 - -3 composite?
False
Suppose 0*w + b + 656 = 5*w, -3*w - b + 392 = 0. Suppose -7*n + 2*n = -f + w, 5*n + 524 = 4*f. Let i = 1032 + f. Is i a composite number?
False
Let t be (-7 + 75/10)/(2/(-17224)). Let q = t + 7227. Is q prime?
False
Let m(s) = -159*s + 783. Let g be m(5). Let x(z) be the first derivative of -313*z**2/2 + 37*z + 1. Is x(g) a composite number?
False
Let c(h) = -h**2 + 15*h - 32. Let k be (5 - 10) + 21 + 1*-3. Let r be c(k). Is 967/(r/39 + (-15)/(-13)) a prime number?
True
Suppose 5*w = 23 - 3. Suppose -1235 = -w*r + 5313. Is r prime?
True
Let a(m) = 2*m**2 - 42*m + 49. Let n be a(20). Let c(x) = 49*x**2 - 35*x - 11. Is c(n) composite?
False
Suppose -5*a = -5*t + 15, 2*t = -2*a - 2 + 16. Let c be 8*1/a + -5. Is c/(188/(-187) + 1) a composite number?
True
Let s(x) = -7021*x + 458. Is s(-9) a composite number?
False
Let g(d) = 317*d**3 - 14*d**2 + 94*d + 36. Is g(5) prime?
False
Let z be 12/6*3 + (-2)/(-1). Let w = 13 - z. Suppose 2687 = w*f - 2198. Is f a prime number?
True
Suppose -157*t + 23038969 = -393*t + 82168061. Is t prime?
False
Let b(f) = -2*f + 28. Let x(n) = -2*n + 27. Let y(s) = 2*b(s) - 3*x(s). Let c be y(20). Suppose 13*r = c*r - 2524. Is r a composite number?
True
Suppose -2*i + 64 = -5*g - 35, -4*i - 2*g = -258. Suppose 3*w = u + 49, 4*w + u - 3*u = i. Suppose -j - w*j + 12901 = 0. Is j prime?
False
Suppose 179 = -4*d - 5*u, -41 = d - 3*u + 25. Let x = d + 44. Is (15155/20)/x*-28 composite?
True
Let z(t) = 108*t**2 - 17*t + 46. Suppose 2*l = -4*g + 30, -2*g + g - 4*l + 11 = 0. Is z(g) composite?
True
Suppose -2 = o - p, -3*o - p - 19 = -o. Is -2 - (-41668)/14 - (-2)/o a composite number?
True
Let o(n) = -3463*n - 165. Let p(f) = 3465*f + 163. Let k(b) = 3*o(b) + 2*p(b). Is k(-10) a prime number?
True
Is 18869080/1984 + 3/8 a composite number?
False
Let o(w) = -2*w**2 - w + 1. Let p be o(-1). Suppose -12*n + 13*n - 13157 = p. Is n a prime number?
False
Let x(w) = w**3 + 2*w**2 - 5*w - 4. Let k be x(-3). Suppose -108 - 328 = -k*z. Is z prime?
False
Let p = -848 - -1534. Let w = 1377 - p. Is w a prime number?
True
Let n = -13152 - -24122. Let i = n - 3133. Is i a prime number?
False
Let x(j) = -44*j**3 - 3*j**2 + 30*j - 21. Let c = -283 + 273. Is x(c) a prime number?
False
Suppose m = 62 + 142. Let p = 33 + m. Suppose 3*k + p = -4*w + 7*w, 360 = 5*w + 2*k. Is w a composite number?
True
Suppose 76*f + 75*f = 119*f + 248480. Is f a composite number?
True
Let y = 2093844 + -1069181. Is y a prime number?
True
Suppose 529*c = 648*c - 8246105. Is c prime?
False
Let d be (2 - (-224)/12)*138. Suppose -1639 = -3*k + 4*k. Let s = d + k. Is s a composite number?
False
Let c be (2/(-4))/(1 - (-33)/(-30)). Let m be (-20)/c - 0 - 2329. Is (-5 + 8)*m/(-3) composite?
False
Is (-2)/3*(-27)/(-12)*(-189949 + -37) prime?
False
Let f(a) = -17*a**3 - 18*a + 89. Let k be f(-11). Suppose 24*g - 21*g - 34413 = -3*v, 2*g - k = 5*v. Is g a prime number?
True
Suppose 0 = -3*g - 3*r + 237, 0*g - 2*g + r = -173. Is ((-12365)/(-10))/(6/g) a prime number?
False
Let f be -19*(-1 + 2)*-17. Suppose -4*c = -3*i - 117 + f, 4*c + 58 = i. Is i a composite number?
True
Let v = -1345102 - -3527279. Is v a composite number?
False
Suppose -4*d = -12, 2*d = 4*y - 5 + 3. Suppose 2*k + 2*p - 20 = 0, y*p